iple of 28?
True
Does 51 divide 26200?
False
Is 98691 a multiple of 201?
True
Is 3218852 a multiple of 25?
False
Is 132 a factor of 11567108?
False
Is 910656 a multiple of 272?
True
Is 105 a factor of 168315?
True
Is 14784 a multiple of 308?
True
Does 551 divide 116297?
False
Is 273870 a multiple of 102?
True
Is 20 a factor of 2209765?
False
Does 339 divide 318723?
False
Is 474154 a multiple of 58?
False
Is 134 a factor of 2283366?
False
Is 2761374 a multiple of 903?
True
Is 7576020 a multiple of 180?
True
Is 1289195 a multiple of 2?
False
Is 1511190 a multiple of 261?
True
Is 1002969 a multiple of 99?
True
Does 62 divide 83146?
False
Is 4220546 a multiple of 19?
True
Does 20 divide 347900?
True
Is 105719 a multiple of 434?
False
Is 24 a factor of 77772?
False
Is 457 a factor of 3451721?
True
Is 61 a factor of 807335?
True
Does 436 divide 1854383?
False
Is 1494912 a multiple of 458?
True
Is 316 a factor of 133668?
True
Is 59377 a multiple of 98?
False
Is 19 a factor of 3562274?
False
Does 34 divide 684669?
False
Is 4790929 a multiple of 46?
False
Does 27 divide 17307?
True
Is 14 a factor of 1045558?
False
Does 18 divide 16399?
False
Is 4 a factor of 5396?
True
Is 26312 even?
True
Is 42 a factor of 1471395?
False
Is 268 a factor of 48776?
True
Is 596576 a multiple of 412?
True
Is 6024000 a multiple of 60?
True
Is 12522190 a multiple of 151?
False
Is 61936 a multiple of 320?
False
Is 4731045 a multiple of 15?
True
Is 19 a factor of 425219?
False
Is 490980 a multiple of 490?
True
Is 34 a factor of 422758?
False
Does 25 divide 122125?
True
Is 430542 a multiple of 123?
False
Is 50 a factor of 229750?
True
Is 33 a factor of 1038213?
True
Is 2681362 a multiple of 31?
False
Does 75 divide 255900?
True
Does 13 divide 63921?
True
Does 732 divide 4478602?
False
Is 8 a factor of 6769266?
False
Is 34820 a multiple of 141?
False
Does 23 divide 12098?
True
Does 17 divide 11552877?
True
Is 84 a factor of 2203236?
True
Is 15 a factor of 581130?
True
Is 336 a factor of 860160?
True
Does 66 divide 331584?
True
Does 76 divide 2769463?
False
Does 68 divide 332477?
False
Is 234 a factor of 636012?
True
Is 147 a factor of 974757?
True
Is 197 a factor of 120084?
False
Is 36 a factor of 140400?
True
Does 3 divide 3031488?
True
Does 265 divide 174105?
True
Does 9 divide 10075742?
False
Does 416 divide 1067040?
True
Is 328385 a multiple of 2?
False
Is 2019582 a multiple of 59?
False
Does 11 divide 1820328?
False
Is 32 a factor of 33691328?
True
Is 664772 a multiple of 37?
False
Does 51 divide 57990?
False
Does 89 divide 235033?
False
Is 26643 a multiple of 46?
False
Is 167640 a multiple of 15?
True
Does 19 divide 8471?
False
Is 745666 a multiple of 18?
False
Does 32 divide 77152?
True
Is 28 a factor of 1387929?
False
Is 3669242 a multiple of 13?
False
Does 114 divide 14022?
True
Is 68 a factor of 56440?
True
Is 265 a factor of 3329810?
False
Does 9 divide 21978?
True
Is 3460128 a multiple of 96?
True
Is 12 a factor of 332508?
True
Does 8 divide 178642?
False
Is 144828 a multiple of 162?
True
Is 99 a factor of 30195?
True
Does 21 divide 240680?
False
Does 14 divide 796796?
True
Does 151 divide 20517320?
False
Is 1523795 a multiple of 35?
True
Is 529 a factor of 55016?
True
Does 52 divide 1898791?
False
Does 4 divide 757728?
True
Is 1544402 a multiple of 680?
False
Does 729 divide 1415918?
False
Is 15777958 a multiple of 626?
False
Is 5 a factor of 203447?
False
Is 70302 a multiple of 77?
False
Is 68 a factor of 113764?
True
Is 1660421 a multiple of 924?
False
Is 665 a factor of 5642462?
False
Is 1355480 a multiple of 5?
True
Does 7 divide 203322?
True
Does 137 divide 179016?
False
Is 2403095 a multiple of 30?
False
Does 30 divide 67030?
False
Does 96 divide 440448?
True
Does 4 divide 368927?
False
Is 226520 a multiple of 3?
False
Is 44 a factor of 34278?
False
Is 10875553 a multiple of 13?
True
Is 409338 a multiple of 9?
True
Does 33 divide 331518?
True
Does 114 divide 17356?
False
Does 529 divide 3870297?
False
Is 943296 a multiple of 2?
True
Is 10 a factor of 2438?
False
Is 191 a factor of 9981851?
True
Is 2858680 a multiple of 4?
True
Does 230 divide 2200648?
False
Is 57 a factor of 345078?
True
Is 31 a factor of 10068058?
False
Is 156 a factor of 1675440?
True
Does 3 divide 33460?
False
Is 73 a factor of 10585?
True
Does 371 divide 1214497?
False
Does 102 divide 77826?
True
Is 903488 a multiple of 152?
True
Does 33 divide 272118?
True
Is 47 a factor of 3826402?
False
Is 15 a factor of 1460018?
False
Does 10 divide 15059586?
False
Is 51397 a multiple of 57?
False
Does 1075 divide 16209697?
False
Does 352 divide 210091?
False
Is 47147 a multiple of 39?
False
Does 127 divide 2977559?
False
Is 2841818 a multiple of 315?
False
Is 631866 a multiple of 106?
True
Is 813 a factor of 1151208?
True
Does 171 divide 1260661?
False
Does 32 divide 261568?
True
Does 13 divide 590082?
False
Is 9 a factor of 170181?
True
Does 928 divide 17721088?
True
Is 244817 a multiple of 17?
True
Is 21739560 a multiple of 24?
True
Does 23 divide 4895481?
True
Is 647467 a multiple of 263?
False
Is 764 a factor of 8769192?
True
Is 219136 a multiple of 214?
True
Is 735341 a multiple of 89?
False
Does 32 divide 504896?
True
Is 200 a factor of 270600?
True
Is 210553 a multiple of 43?
False
Is 18 a factor of 7104726?
True
Is 51493 a multiple of 4?
False
Is 11 a factor of 3058?
True
Does 233 divide 1000968?
True
Is 340 a factor of 3372120?
True
Is 10 a factor of 27940?
True
Is 95 a factor of 484313?
False
Does 66 divide 20048226?
True
Is 232 a factor of 15645940?
False
Is 16 a factor of 143643?
False
Is 128968 a multiple of 47?
True
Is 315 a factor of 1282325?
False
Does 48 divide 181920?
True
Is 59397 even?
False
Is 298062 a multiple of 610?
False
Is 175076 a multiple of 168?
False
Is 134 a factor of 1096790?
True
Is 14 a factor of 134540?
True
Is 37365 a multiple of 334?
False
Is 136357 a multiple of 17?
True
Is 8 a factor of 71928?
True
Does 16 divide 5232064?
True
Does 57 divide 112327?
False
Is 1303182 a multiple of 6?
True
Is 13 a factor of 24356757?
False
Is 31 a factor of 24676?
True
Is 1256096 a multiple of 17?
True
Is 25 a factor of 211575?
True
Does 188 divide 2402264?
True
Does 9 divide 106220?
False
Is 355212 a multiple of 299?
True
Is 127485 a multiple of 58?
False
Is 973026 a multiple of 487?
True
Is 36 a factor of 378112?
False
Is 545880 a multiple of 30?
True
Is 904 a factor of 1090224?
True
Is 2394470 a multiple of 163?
True
Is 6156458 a multiple of 1078?
True
Is 1931521 a multiple of 319?
False
Does 131 divide 299466?
True
Is 3 a factor of 92521?
False
Does 326 divide 979956?
True
Is 112 a factor of 207427?
False
Does 531 divide 195213?
False
Is 208398 a multiple of 47?
True
Is 22528 a multiple of 88?
True
Does 232 divide 1074063?
False
Is 2175912 a multiple of 643?
True
Is 241739 even?
False
Is 16 a factor of 712640?
True
Is 80 a factor of 7244872?
False
Is 323740 a multiple of 145?
False
Is 671360 a multiple of 2?
True
Is 91 a factor of 737646?
True
Is 476370 a multiple of 5?
True
Is 1813475 a multiple of 175?
False
Is 5548631 a multiple of 837?
False
Does 407 divide 9968830?
False
Is 67388 a multiple of 304?
False
Is 5 a factor of 76599?
False
Is 42 a factor of 97669?
False
Is 71210 a multiple of 27?
False
Is 76525 a multiple of 8?
False
Does 114 divide 3486921?
False
Is 5 a factor of 57225?
True
Is 416 a factor of 582200?
False
Does 458 divide 296321?
False
Is 1338750 a multiple of 375?
True
Is 106 a factor of 75790?
True
Is 10 a factor of 252328?
False
Does 39 divide 2196090?
True
Does 107 divide 108926?
True
Is 197192 a multiple of 99?
False
Is 537393 a multiple of 11?
False
Is 395 a factor of 467285?
True
Is 52658 a multiple of 105?
False
Is 2285394 a multiple of 225?
False
Is 152488 a multiple of 196?
True
Does 27 divide 24715?
False
Is 394370 a multiple of 113?
True
Is 218 a factor of 218586?
False
Is 3 a factor of 2828251?
False
Is 4856196 a multiple of 78?
False
Is 3888291 a multiple of 957?
True
Is 35155 a multiple of 5?
True
Does 7 divide 9661328?
False
Is 8 a factor of 58312?
True
Is 50 a factor of 390526?
False
Does 148 divide 86835?
False
Is 286740 a multiple of 135?
True
Is 6 a factor of 15960?
True
Is 12 a factor of 206316?
True
Is 299 a factor of 83421?
True
Doe